tor of 421954414 and 14.
14
Calculate the greatest common divisor of 3016 and 30710768.
232
Calculate the highest common factor of 11823006 and 984.
246
Calculate the greatest common divisor of 20699435 and 3355.
305
What is the greatest common factor of 135 and 21390021?
27
What is the highest common divisor of 1040 and 116458320?
80
Calculate the greatest common divisor of 5 and 476847.
1
Calculate the greatest common factor of 152194930 and 470.
470
What is the greatest common divisor of 736 and 11486752?
736
What is the greatest common divisor of 201 and 252724737?
201
Calculate the greatest common factor of 8695478 and 2937.
979
Calculate the highest common factor of 6492 and 601164.
12
Calculate the greatest common divisor of 177885 and 4725.
45
What is the greatest common factor of 864988131 and 49?
49
What is the highest common divisor of 33158 and 977453?
59
Calculate the highest common divisor of 203512937 and 439.
439
What is the greatest common factor of 504 and 43072281?
63
Calculate the greatest common divisor of 3960 and 110790405.
495
Calculate the highest common divisor of 114 and 9102102.
114
What is the greatest common divisor of 6890 and 32756438?
1378
Calculate the greatest common factor of 21 and 39152967.
21
Calculate the greatest common factor of 1348239 and 957.
87
What is the highest common divisor of 130416 and 1078?
22
What is the highest common divisor of 2109 and 64691466?
2109
Calculate the highest common divisor of 167670 and 36156.
138
Calculate the greatest common divisor of 334992 and 4040064.
336
Calculate the greatest common factor of 714 and 10711442.
14
Calculate the greatest common factor of 70 and 179118590.
70
Calculate the highest common factor of 1692809 and 5.
1
Calculate the highest common divisor of 1070520 and 6655.
55
Calculate the highest common factor of 127094219 and 287.
287
Calculate the greatest common divisor of 536 and 1384622.
134
What is the greatest common divisor of 22043049 and 7?
7
Calculate the greatest common factor of 17925031 and 23145.
1543
Calculate the greatest common divisor of 5579 and 361056143.
5579
What is the highest common divisor of 93883 and 264701?
223
Calculate the greatest common divisor of 688 and 2572125840.
688
Calculate the greatest common factor of 1157 and 24089.
13
What is the highest common divisor of 104 and 497531060?
52
What is the highest common factor of 26590 and 295526578?
5318
Calculate the greatest common divisor of 415900 and 2450.
50
Calculate the highest common divisor of 900232473 and 21.
21
Calculate the highest common factor of 125356620 and 7620.
7620
Calculate the greatest common factor of 17 and 2827752494.
17
Calculate the greatest common divisor of 2710 and 21611166.
542
Calculate the highest common divisor of 109369 and 90932.
179
Calculate the highest common divisor of 1655 and 61862245.
1655
Calculate the greatest common factor of 199997707 and 91.
91
What is the greatest common factor of 134 and 12259024?
2
Calculate the highest common divisor of 2085070 and 810.
10
Calculate the highest common factor of 36533411 and 2227.
131
What is the highest common factor of 36 and 407317851?
9
What is the greatest common divisor of 49200 and 191019?
123
Calculate the greatest common factor of 43628217 and 185.
37
What is the greatest common factor of 507 and 174693779?
169
What is the highest common factor of 177425409 and 861?
861
Calculate the greatest common divisor of 1044 and 394308.
36
Calculate the greatest common factor of 113941 and 574606.
29
Calculate the greatest common factor of 237391 and 13552.
77
Calculate the highest common factor of 230410236 and 252.
84
Calculate the highest common divisor of 640516 and 376.
188
What is the highest common divisor of 1336662 and 95349?
111
What is the greatest common divisor of 26001 and 64098?
27
Calculate the greatest common factor of 387 and 12244723.
43
Calculate the greatest common divisor of 48336735 and 256065.
5955
Calculate the highest common factor of 143 and 47223429.
11
Calculate the highest common divisor of 8494036 and 6712.
3356
Calculate the greatest common divisor of 123098 and 109007.
61
Calculate the highest common factor of 991175388 and 36.
12
What is the highest common divisor of 6992 and 6654544?
368
Calculate the greatest common factor of 21438 and 201150.
54
Calculate the greatest common divisor of 13179 and 2524641.
69
What is the greatest common divisor of 12104 and 633146?
178
Calculate the highest common factor of 6109572 and 16044.
84
What is the greatest common factor of 3375280 and 9527?
1361
What is the highest common divisor of 579068425 and 325?
325
Calculate the highest common factor of 664044 and 2634.
6
What is the greatest common divisor of 148799819 and 49?
49
Calculate the greatest common factor of 14 and 2042146.
2
What is the greatest common divisor of 593009 and 35872?
1121
Calculate the greatest common factor of 57524080 and 96.
16
What is the greatest common divisor of 6283574 and 391?
17
Calculate the highest common factor of 583 and 28908055.
583
What is the highest common factor of 120570 and 7710?
30
Calculate the highest common divisor of 499170 and 22470.
210
What is the highest common divisor of 610 and 8112878?
122
What is the greatest common factor of 354845932 and 391?
23
What is the greatest common factor of 23241923 and 282?
47
Calculate the highest common factor of 35052528 and 29904.
336
Calculate the highest common divisor of 1578709 and 3377.
11
Calculate the highest common factor of 13 and 31543044.
13
Calculate the greatest common factor of 369753612 and 2484.
276
What is the highest common factor of 13492 and 145940?
4
What is the highest common factor of 14411833 and 23368?
127
Calculate the highest common factor of 230 and 94887305.
115
What is the greatest common divisor of 218842650 and 360?
90
Calculate the highest common divisor of 19160700 and 8034.
78
Calculate the highest common divisor of 2236 and 67247141.
559
What is the greatest common factor of 2810 and 336980?
10
Calculate the greatest common divisor of 2850513 and 317499.
3489
Calculate the highest common divisor of 1413456 and 3696.
528
What is the greatest common factor of 568947 and 31293?
183
What is the greatest common divisor of 519375 and 909375?
1875
Calculate the highest common factor of 66070671 and 261.
87
Calculate the highest common factor of 204 and 641748249.
51
Calculate the highest common factor of 404 and 2074742.
202
What is the highest common divisor of 1323 and 1797?
3
Calculate the greatest common divisor of 76 and 1034906516.
76
Calculate the greatest common divisor of 56517522 and 498.
498
Calculate the highest common divisor of 77120 and 154032.
16
What is the highest common factor of 592 and 5658576?
16
Calculate the greatest common divisor of 410878 and 91806.
26
What is the highest common divisor of 9108182 and 931?
19
What is the highest common divisor of 4 and 289742?
2
What is the highest common factor of 1320661 and 33947?
409
Calculate the greatest common factor of 511747 and 185.
37
What is the highest common divisor of 1102152 and 166?
2
What is the greatest common divisor of 1876064 and 4736?
32
Calculate the highest common factor of 600 and 19605900.
300
What is the highest common divisor of 1168 and 17842952?
584
What is the greatest common divisor of 665744 and 7024?
16
Calculate the greatest common factor of 13431453 and 42.
21
What is the highest common factor of 83111035 and 7?
7
Calculate the greatest common factor of 46732378 and 121.
121
What is the highest common divisor of 183483163 and 1067?
97
What is the highest common divisor of 29727 and 315171?
81
What is the greatest common divisor of 21462 and 7071218?
1022
Calculate the greatest common factor of 391808065 and 55.
55
Calculate the greatest common divisor of 1679511 and 4234.
73
What is the highest common divisor of 4041 and 5500699?
449
What is the highest common divisor of 38700 and 9446670?
3870
What is the greatest common divisor of 4350 and 2075820?
870
Calculate the greatest common divisor of 10824 and 19159464.
984
Calculate the highest common factor of 156401988 and 3792.
948
What is the highest common factor of 4028 and 2003132?
76
Calculate the